122219
What are the prime factors of 67635611?
19, 719, 4951
What are the prime factors of 348105808?
2, 21756613
List the prime factors of 1188845916.
2, 3, 2141, 46273
List the prime factors of 2432136952.
2, 7, 19, 326549
What are the prime factors of 56914233?
3, 31, 563, 1087
What are the prime factors of 1624754616?
2, 3, 67698109
What are the prime factors of 145134067?
13, 29, 61, 6311
List the prime factors of 427805973.
3, 7, 6790571
List the prime factors of 52502635.
5, 10500527
What are the prime factors of 208885513?
13009, 16057
What are the prime factors of 107580348?
2, 3, 2988343
List the prime factors of 499110595.
5, 107, 932917
List the prime factors of 274078478.
2, 29, 397, 11903
List the prime factors of 20391192.
2, 3, 283211
List the prime factors of 1191631115.
5, 238326223
List the prime factors of 5505822660.
2, 3, 5, 13, 19, 371513
List the prime factors of 254071937.
7, 2143, 16937
List the prime factors of 943807714.
2, 23, 1277, 16067
What are the prime factors of 3054655725?
3, 5, 11, 47, 78779
What are the prime factors of 26116273?
149, 175277
What are the prime factors of 1371240717?
3, 7, 11, 43, 127, 1087
What are the prime factors of 300470691?
3, 100156897
What are the prime factors of 588984635?
5, 17, 29, 238939
List the prime factors of 3846768466.
2, 17, 593, 190793
List the prime factors of 294951173.
11, 17, 223, 643
What are the prime factors of 65557093?
7, 9365299
List the prime factors of 1240653314.
2, 620326657
List the prime factors of 1638254655.
3, 5, 103, 353453
What are the prime factors of 2479100411?
19, 31, 4208999
List the prime factors of 1584501268.
2, 7, 56589331
List the prime factors of 220350404.
2, 43, 67, 19121
What are the prime factors of 126895710?
2, 3, 5, 31, 136447
List the prime factors of 13008494.
2, 61, 106627
List the prime factors of 16914823.
16914823
What are the prime factors of 1904728982?
2, 13, 127, 397, 1453
What are the prime factors of 414193702?
2, 13, 401, 39727
What are the prime factors of 6891830152?
2, 861478769
List the prime factors of 357387217.
11, 1999, 16253
What are the prime factors of 1822773?
3, 23, 26417
What are the prime factors of 70239499?
11, 701, 9109
What are the prime factors of 1354872579?
3, 17, 4621, 5749
List the prime factors of 2961214399.
11, 13, 2801, 7393
What are the prime factors of 234307427?
234307427
List the prime factors of 37805781.
3, 13, 607, 1597
What are the prime factors of 4914618?
2, 3, 349, 2347
List the prime factors of 96505076.
2, 241, 100109
List the prime factors of 1378801.
1378801
What are the prime factors of 2324935613?
7, 11, 13, 31, 74923
List the prime factors of 16942430.
2, 5, 31, 41, 43
What are the prime factors of 100859657?
17, 19, 61, 5119
List the prime factors of 74777150.
2, 5, 7, 213649
What are the prime factors of 42881514?
2, 3, 13, 17, 73, 443
List the prime factors of 5040801619.
7, 97, 2683, 2767
What are the prime factors of 347297319?
3, 38588591
List the prime factors of 358475395.
5, 277, 258827
What are the prime factors of 3507121879?
17, 101, 2042587
What are the prime factors of 2260314282?
2, 3, 23, 2539, 6451
What are the prime factors of 52598683?
52598683
List the prime factors of 7631921215.
5, 12659, 120577
What are the prime factors of 2006439664?
2, 569, 220391
List the prime factors of 1297302830.
2, 5, 129730283
What are the prime factors of 28584726?
2, 3, 4764121
List the prime factors of 264016302.
2, 3, 11, 41, 43, 2269
What are the prime factors of 5174200940?
2, 5, 463, 558769
List the prime factors of 744437058.
2, 3, 1361, 91163
What are the prime factors of 647280656?
2, 11, 3677731
What are the prime factors of 487539338?
2, 11, 13, 1704683
List the prime factors of 656012823.
3, 9787, 22343
List the prime factors of 7413659715.
3, 5, 7, 11, 583523
List the prime factors of 7322224.
2, 7, 13, 47, 107
List the prime factors of 38996961.
3, 12998987
List the prime factors of 353293511.
3727, 94793
What are the prime factors of 1086046834?
2, 543023417
List the prime factors of 35053786.
2, 197, 88969
List the prime factors of 8894282.
2, 37, 120193
List the prime factors of 672264670.
2, 5, 7, 11, 881, 991
List the prime factors of 147150979.
71, 2072549
What are the prime factors of 67842669?
3, 22614223
List the prime factors of 94196427.
3, 13, 2415293
What are the prime factors of 47297366?
2, 17, 881, 1579
List the prime factors of 1355826245.
5, 17, 149, 107053
List the prime factors of 125194521.
3, 41731507
What are the prime factors of 316993604?
2, 431, 183871
What are the prime factors of 192828085?
5, 109, 353813
What are the prime factors of 103302317?
521, 198277
List the prime factors of 18388553.
18388553
What are the prime factors of 101979608?
2, 23, 554237
List the prime factors of 8118921401.
683, 11887147
What are the prime factors of 1743958581?
3, 581319527
What are the prime factors of 19547592?
2, 3, 547, 1489
List the prime factors of 1247917242.
2, 3, 11, 13, 163, 8923
List the prime factors of 564064027.
1481, 380867
What are the prime factors of 430122806?
2, 215061403
What are the prime factors of 3142471662?
2, 3, 11, 877, 18097
List the prime factors of 120600704.
2, 7, 281, 479
What are the prime factors of 136154583?
3, 15128287
What are the prime factors of 56440286?
2, 7, 79, 51031
List the prime factors of 449903058.
2, 3, 11, 677, 10069
What are the prime factors of 2494380318?
2, 3, 17, 24454709
What are the prime factors of 84065602?
2, 43, 977507
List the prime factors of 259972489.
7, 79, 239, 281
List the prime factors of 3503219591.
71, 49341121
List the prime factors of 148901710.
2, 5, 14890171
What are the prime factors of 135984592?
2, 8499037
What are the prime factors of 458302630?
2, 5, 1549, 29587
List the prime factors of 6951195835.
5, 1390239167
List the prime factors of 7303630941.
3, 47, 89, 194003
List the prime factors of 32359163.
32359163
List the prime factors of 763602337.
37, 20637901
List the prime factors of 46767413.
7, 11, 86767
List the prime factors of 41478099.
3, 13, 1063541
What are the prime factors of 11182070?
2, 5, 19, 229, 257
List the prime factors of 219911000.
2, 5, 219911
List the prime factors of 40327455.
3, 5, 7, 433, 887
List the prime factors of 1438869388.
2, 11, 32701577
List the prime factors of 389581912.
2, 23, 2117293
List the prime factors of 44788570.
2, 5, 4478857
What are the prime factors of 49693683?
3, 13, 19, 199, 337
What are the prime factors of 35612696?
2, 7, 29, 21929
What are the prime factors of 26789192?
2, 139, 24091
List the prime factors of 2201501279.
59, 37313581
What are the prime factors of 175372957?
59, 1019, 2917
List the prime factors of 2312103.
3, 67, 11503
List the prime factors of 135298183.
19, 61, 107, 1091
What are the prime factors of 1426400861?
17, 31, 503, 5381
What are the prime factors of 1867099716?
2, 3, 1409, 36809
List the prime factors of 42219801.
3, 13, 360853
What are the prime factors of 186983734?
2, 7, 67, 199343
What are the prime factors of 523847805?
3, 5, 13, 229, 11731
What are the prime factors of 1662812338?
2, 11, 37, 2042767
List the prime factors of 697387773.
3, 71, 3274121
List the prime factors of 114638754.
2, 3, 313, 61043
What are the prime factors of 326577757?
11, 19, 89, 97, 181
What are the prime factors of 147941539?
919, 160981
List the prime factors of 3719115.
3, 5, 3061
What are the prime factors of 901549958?
2, 47, 9590957
List the prime factors of 680462337.
3, 23, 1783, 5531
What are the prime factors of 502999400?
2, 5, 17, 239, 619
What are the prime factors of 318773038?
2, 229, 457, 1523
What are the prime factors of 53765558?
2, 7, 11, 109, 3203
List the prime factors of 255157488.
2, 3, 17, 104231
List the prime factors of 549157974.
2, 3, 2609, 35081
What are the prime factors of 966236122?
2, 577, 837293
List the prime factors of 332631703.
43, 109, 70969
List the prime factors of 262311677.
31, 107, 2551
What are the prime factors of 88877193?
3, 19, 173, 9013
List the prime factors of 44917172.
2, 29, 59, 6563
What are the prime factors of 24366665?
5, 4873333
List the prime factors of 4115789220.
2, 3, 5, 6833, 10039
What are the prime factors of 55807467?
3, 277, 6